{"id":28,"date":"2017-11-28T23:58:57","date_gmt":"2017-11-28T22:58:57","guid":{"rendered":"http:\/\/adwokatdobrowolski.pl\/?page_id=28"},"modified":"2018-07-03T20:32:03","modified_gmt":"2018-07-03T18:32:03","slug":"o-kancelarii","status":"publish","type":"page","link":"https:\/\/adwokatdobrowolski.pl\/index.php\/o-kancelarii\/","title":{"rendered":"O kancelarii"},"content":{"rendered":"<div id=\"pl-28\"  class=\"panel-layout\" ><div id=\"pg-28-0\"  class=\"panel-grid panel-has-style\" ><div style=\"padding: 0% 0; \" class=\"panel-row-style panel-row-style-for-28-0\" ><div id=\"pgc-28-0-0\"  class=\"panel-grid-cell\" ><div id=\"panel-28-0-0-0\" class=\"so-panel widget widget_sow-editor panel-first-child\" data-index=\"0\" ><div\n\t\t\t\n\t\t\tclass=\"so-widget-sow-editor so-widget-sow-editor-base\"\n\t\t\t\n\t\t>\n<div class=\"siteorigin-widget-tinymce textwidget\">\n\t<p style=\"text-align: justify;\">Kancelaria Adwokacka Adwokata Jakuba Dobrowolskiego \u015bwiadczy kompleksow\u0105 obs\u0142ug\u0119 prawn\u0105 zar\u00f3wno Klientom indywidualnym, jak i podmiotom gospodarczym na terenie ca\u0142ego kraju. Prowadzimy sprawy s\u0105dowe, sporz\u0105dzamy pisma procesowe, opinie prawne, projekty um\u00f3w gospodarczych, udzielamy ustnych i pisemnych porad prawnych, a tak\u017ce reprezentujemy Klient\u00f3w podczas negocjacji. Zapewniamy wszechstronn\u0105 i fachow\u0105 pomoc oraz wsparcie od pierwszego spotkania do zako\u0144czenia sprawy. Kancelaria \u015bwiadczy skuteczn\u0105 pomoc prawn\u0105 w sprawach z zakresu prawa cywilnego, prawa rodzinnego i spadkowego, prawa gospodarczego, prawa karnego oraz prawa administracyjnego.<\/p>\n<\/div>\n<\/div><\/div><div id=\"panel-28-0-0-1\" class=\"so-panel widget widget_sow-editor panel-last-child\" data-index=\"1\" ><div\n\t\t\t\n\t\t\tclass=\"so-widget-sow-editor so-widget-sow-editor-base\"\n\t\t\t\n\t\t>\n<div class=\"siteorigin-widget-tinymce textwidget\">\n\t<p style=\"text-align: justify;\">Adwokat Jakub Dobrowolski uko\u0144czy\u0142 studia prawnicze na Wydziale Prawa Uniwersytetu w Bia\u0142ymstoku. Odby\u0142 3-letni\u0105 aplikacj\u0119 adwokack\u0105 w Izbie Adwokackiej w Warszawie, gdzie te\u017c z\u0142o\u017cy\u0142 egzamin adwokacki. Obecnie jest cz\u0142onkiem Izby Adwokackiej w Bia\u0142ymstoku. Posiada wieloletnie do\u015bwiadczenie zawodowe zdobyte w kancelariach adwokackich, jako aplikant adwokacki, a nast\u0119pnie jako adwokat prowadz\u0105c w\u0142asn\u0105 kancelari\u0119.<\/p>\n<\/div>\n<\/div><\/div><\/div><div id=\"pgc-28-0-1\"  class=\"panel-grid-cell\" ><div id=\"panel-28-0-1-0\" class=\"so-panel widget widget_sow-image panel-first-child panel-last-child\" data-index=\"2\" ><div\n\t\t\t\n\t\t\tclass=\"so-widget-sow-image so-widget-sow-image-default-8b5b6f678277-28\"\n\t\t\t\n\t\t>\n\n<div class=\"sow-image-container\">\n\t\t<img src=\"https:\/\/adwokatdobrowolski.pl\/wp-content\/uploads\/2017\/12\/okancy.jpg\" width=\"602\" height=\"902\" srcset=\"https:\/\/adwokatdobrowolski.pl\/wp-content\/uploads\/2017\/12\/okancy.jpg 602w, https:\/\/adwokatdobrowolski.pl\/wp-content\/uploads\/2017\/12\/okancy-200x300.jpg 200w, https:\/\/adwokatdobrowolski.pl\/wp-content\/uploads\/2017\/12\/okancy-410x614.jpg 410w, https:\/\/adwokatdobrowolski.pl\/wp-content\/uploads\/2017\/12\/okancy-100x150.jpg 100w, https:\/\/adwokatdobrowolski.pl\/wp-content\/uploads\/2017\/12\/okancy-275x412.jpg 275w\" sizes=\"(max-width: 602px) 100vw, 602px\" alt=\"\" loading=\"lazy\" \t\tclass=\"so-widget-image\"\/>\n\t<\/div>\n\n<\/div><\/div><\/div><\/div><\/div><div id=\"pg-28-1\"  class=\"panel-grid panel-has-style\" ><div class=\"so-parallax siteorigin-panels-stretch rocked-stretch panel-row-style panel-row-style-for-28-1\" style=\"padding: 20% 0; \" id=\"parallax\" data-stretch-type=\"full-stretched\" ><img width=\"1920\" height=\"1280\" src=\"https:\/\/adwokatdobrowolski.pl\/wp-content\/uploads\/2017\/12\/3a.jpg\" class=\"attachment-full size-full\" alt=\"\" decoding=\"async\" loading=\"eager\" data-siteorigin-parallax=\"true\" srcset=\"https:\/\/adwokatdobrowolski.pl\/wp-content\/uploads\/2017\/12\/3a.jpg 1920w, https:\/\/adwokatdobrowolski.pl\/wp-content\/uploads\/2017\/12\/3a-300x200.jpg 300w, https:\/\/adwokatdobrowolski.pl\/wp-content\/uploads\/2017\/12\/3a-768x512.jpg 768w, https:\/\/adwokatdobrowolski.pl\/wp-content\/uploads\/2017\/12\/3a-1024x683.jpg 1024w, https:\/\/adwokatdobrowolski.pl\/wp-content\/uploads\/2017\/12\/3a-600x400.jpg 600w, https:\/\/adwokatdobrowolski.pl\/wp-content\/uploads\/2017\/12\/3a-700x467.jpg 700w, https:\/\/adwokatdobrowolski.pl\/wp-content\/uploads\/2017\/12\/3a-410x273.jpg 410w, https:\/\/adwokatdobrowolski.pl\/wp-content\/uploads\/2017\/12\/3a-100x67.jpg 100w, https:\/\/adwokatdobrowolski.pl\/wp-content\/uploads\/2017\/12\/3a-275x183.jpg 275w, https:\/\/adwokatdobrowolski.pl\/wp-content\/uploads\/2017\/12\/3a-272x182.jpg 272w\" sizes=\"(max-width: 1920px) 100vw, 1920px\" \/><div id=\"pgc-28-1-0\"  class=\"panel-grid-cell\" ><div id=\"panel-28-1-0-0\" class=\"so-panel widget widget_sow-headline panel-first-child\" data-index=\"3\" ><div\n\t\t\t\n\t\t\tclass=\"so-widget-sow-headline so-widget-sow-headline-default-d2daec0dd127-28 so-widget-fittext-wrapper\"\n\t\t\t data-fit-text-compressor=\"0.85\"\n\t\t><div class=\"sow-headline-container \">\n\t<h1 class='sow-headline'>Szukasz pomocy lub chcesz porady prawnej?<\/h1>\t\t\t\t\t<div class=\"decoration\">\n\t\t\t\t\t\t<div class=\"decoration-inside\"><\/div>\n\t\t\t\t\t<\/div>\n\t\t\t\t\t<h3 class='sow-sub-headline'>Zadzwo\u0144 lub skorzystaj z formularza kontaktowego.<\/h3><\/div>\n<\/div><\/div><div id=\"panel-28-1-0-1\" class=\"so-panel widget widget_sow-button panel-last-child\" data-index=\"4\" ><div class=\"panel-widget-style panel-widget-style-for-28-1-0-1\" ><div\n\t\t\t\n\t\t\tclass=\"so-widget-sow-button so-widget-sow-button-flat-060411dbe29d-28\"\n\t\t\t\n\t\t><div class=\"ow-button-base ow-button-align-center\">\n\t<a\n\thref=\"\/kontakt\/\"\n\t\tclass=\"ow-icon-placement-left ow-button-hover\" \t>\n\t\t<span>\n\t\t\t\n\t\t\tKONTAKT\t\t<\/span>\n\t<\/a>\n<\/div>\n<\/div><\/div><\/div><\/div><\/div><\/div><\/div>","protected":false},"excerpt":{"rendered":"<p>Kancelaria Adwokacka Adwokata Jakuba Dobrowolskiego \u015bwiadczy kompleksow\u0105 obs\u0142ug\u0119 prawn\u0105 zar\u00f3wno Klientom indywidualnym, jak i podmiotom gospodarczym na terenie ca\u0142ego kraju. Prowadzimy sprawy s\u0105dowe, sporz\u0105dzamy pisma procesowe, opinie prawne, projekty um\u00f3w gospodarczych, udzielamy ustnych i pisemnych porad prawnych, a tak\u017ce reprezentujemy Klient\u00f3w podczas negocjacji. Zapewniamy wszechstronn\u0105 i fachow\u0105 pomoc oraz wsparcie od pierwszego spotkania do zako\u0144czenia [&hellip;]<\/p>\n","protected":false},"author":1,"featured_media":0,"parent":0,"menu_order":0,"comment_status":"closed","ping_status":"closed","template":"page-templates\/page_fullwidth.php","meta":[],"_links":{"self":[{"href":"https:\/\/adwokatdobrowolski.pl\/index.php\/wp-json\/wp\/v2\/pages\/28"}],"collection":[{"href":"https:\/\/adwokatdobrowolski.pl\/index.php\/wp-json\/wp\/v2\/pages"}],"about":[{"href":"https:\/\/adwokatdobrowolski.pl\/index.php\/wp-json\/wp\/v2\/types\/page"}],"author":[{"embeddable":true,"href":"https:\/\/adwokatdobrowolski.pl\/index.php\/wp-json\/wp\/v2\/users\/1"}],"replies":[{"embeddable":true,"href":"https:\/\/adwokatdobrowolski.pl\/index.php\/wp-json\/wp\/v2\/comments?post=28"}],"version-history":[{"count":104,"href":"https:\/\/adwokatdobrowolski.pl\/index.php\/wp-json\/wp\/v2\/pages\/28\/revisions"}],"predecessor-version":[{"id":680,"href":"https:\/\/adwokatdobrowolski.pl\/index.php\/wp-json\/wp\/v2\/pages\/28\/revisions\/680"}],"wp:attachment":[{"href":"https:\/\/adwokatdobrowolski.pl\/index.php\/wp-json\/wp\/v2\/media?parent=28"}],"curies":[{"name":"wp","href":"https:\/\/api.w.org\/{rel}","templated":true}]}}